{"id":215,"date":"2024-06-05T12:32:46","date_gmt":"2024-06-05T10:32:46","guid":{"rendered":"https:\/\/www.pipa.sk\/?page_id=215"},"modified":"2026-01-30T08:33:58","modified_gmt":"2026-01-30T07:33:58","slug":"zasady-ochrany-osobnych-udajov-gdpr","status":"publish","type":"page","link":"https:\/\/www.pipa.sk\/?page_id=215","title":{"rendered":"Z\u00e1sady ochrany osobn\u00fdch \u00fadajov &#8211; GDPR"},"content":{"rendered":"\n<h2 class=\"wp-block-heading\">Prev\u00e1dzkovate\u013e:<\/h2>\n\n\n\n<p id=\"block-1eda986b-ca67-4401-a727-b1de69a94291\">Spolo\u010dnos\u0165 LORANET, s.r.o., Majern\u00edkova 22, 84105, Bratislava, I\u010cO: 54092736 je prev\u00e1dzkovate\u013eom v\u0161etk\u00fdch osobn\u00fdch \u00fadajov, ktor\u00e9 bude sprac\u00fava\u0165 v s\u00falade s pr\u00edslu\u0161n\u00fdmi pr\u00e1vnymi predpismi.<\/p>\n\n\n\n<p>Spolo\u010dnos\u0165 LORANET s.r.o., Majern\u00edkova 22, 84105, Bratislava, I\u010cO: 54092736 je prev\u00e1dzkovate\u013eom v\u0161etk\u00fdch osobn\u00fdch \u00fadajov, ktor\u00e9 bude sprac\u00fava\u0165 v s\u00falade s pr\u00edslu\u0161n\u00fdmi pr\u00e1vnymi predpismi.<br>Spolo\u010dnos\u0165 LORANET, s.r.o. zhroma\u017e\u010fuje, spracov\u00e1va a pou\u017e\u00edva osobn\u00e9 \u00fadaje najm\u00e4 pri poskytovan\u00ed servisu v s\u00favislosti s objedn\u00e1vkami v\u00fd\u010dapov a n\u00e1pln\u00ed KEG sudov prostredn\u00edctvom webov\u00e9ho s\u00eddla http:\/\/pipa.sk. Nako\u013eko pri z\u00edskavan\u00ed, vyu\u017e\u00edvan\u00ed a ochrane osobn\u00fdch \u00fadajov chceme postupova\u0165 spr\u00e1vne, vypracovali sme nasledovn\u00e9 z\u00e1sady ochrany s\u00fakromia, ktor\u00e9:<\/p>\n\n\n\n<ol class=\"wp-block-list\">\n<li>stanovuj\u00fa typy osobn\u00fdch \u00fadajov, ktor\u00e9 z\u00edskavame;<\/li>\n\n\n\n<li>vysvet\u013euj\u00fa ak\u00fdm sp\u00f4sobom, a pre\u010do z\u00edskavame a vyu\u017e\u00edvame va\u0161e osobn\u00e9 \u00fadaje;<\/li>\n\n\n\n<li>vysvet\u013euj\u00fa pr\u00e1va a mo\u017enosti, ktor\u00e9 m\u00e1te v s\u00favislosti s va\u0161imi osobn\u00fdmi \u00fadajmi.<\/li>\n<\/ol>\n\n\n\n<p><\/p>\n\n\n\n<h2 class=\"wp-block-heading\">Z\u00e1sady sa v\u00e1s t\u00fdkaj\u00fa vtedy, ke\u010f vyu\u017e\u00edvate na\u0161e slu\u017eby, pri\u010dom vyu\u017e\u00edvanie na\u0161ich slu\u017eieb znamen\u00e1:<\/h2>\n\n\n\n<h3 class=\"wp-block-heading\">Osobn\u00e9 \u00fadaje, ktor\u00e9 z\u00edskavame<\/h3>\n\n\n\n<p>Osobn\u00e9 \u00fadaje \u2013 meno, priezvisko, adresa trval\u00e9ho bydliska, e-mailov\u00e1 adresa, telef\u00f3nne \u010d\u00edslo<br>Faktura\u010dn\u00e9 \u00fadaje \u2013 n\u00e1zov firmy (alebo meno priezvisko), I\u010cO, DI\u010c, I\u010c DPH, s\u00eddlo firmy (alebo adresa trval\u00e9ho bydliska)<br>Poskytnut\u00e9 slu\u017eby \u2013 objedn\u00e1vky v\u00fd\u010dapov a n\u00e1pln\u00ed KEG sudov, hist\u00f3ria objedn\u00e1vok, IP adresa<br>Va\u0161e osobn\u00e9 \u00fadaje sprac\u00favame v s\u00falade s Nariaden\u00edm Eur\u00f3pskeho parlamentu a Rady E\u00da (2016\/679) V\u0161eobecn\u00e9 nariadenie o ochrane osobn\u00fdch \u00fadajov (\u201eGDPR\u201c), ako aj s in\u00fdmi platn\u00fdmi pr\u00e1vnymi predpismi o ochrane osobn\u00fdch \u00fadajov, ktor\u00e9 menia a dop\u013a\u0148aj\u00fa nariadenie GDPR.<\/p>\n\n\n\n<p><\/p>\n\n\n\n<h3 class=\"wp-block-heading\">\u00da\u010dely a ciele sprac\u00favania \u00fadajov<\/h3>\n\n\n\n<p>Spolo\u010dnos\u0165 LORANET, s.r.o. bude spracov\u00e1va\u0165 va\u0161e \u00fadaje na nasledovn\u00e9 \u00fa\u010dely:<br>\u2013 Administr\u00e1cia klientov \u2013 evidujeme \u00fadaje o v\u0161etk\u00fdch na\u0161ich klientoch a ich objedn\u00e1vky.<br>\u2013 Dane a \u00fa\u010dtovn\u00edctvo \u2013 za \u00fa\u010delom plnenia povinnost\u00ed vypl\u00fdvaj\u00facich z platn\u00fdch z\u00e1konov a predpisov spojen\u00fdch s va\u0161ou \u00fahradou za objedn\u00e1vky sme povinn\u00ed spracov\u00e1va\u0165 niektor\u00e9 va\u0161e osobn\u00e9 \u00fadaje \u2013 napr. pri vystavovan\u00ed z\u00e1lohovej fakt\u00fary, fakt\u00fary.<br>\u2013 Dodr\u017eiavanie z\u00e1kona \u2013 m\u00f4\u017eeme spracov\u00e1va\u0165 osobn\u00e9 \u00fadaje na \u00fa\u010dely rie\u0161enia sporov, s\u0165a\u017enost\u00ed, pr\u00e1vnych postupov za \u00fa\u010delom dodr\u017eiavania platn\u00fdch z\u00e1konov<\/p>\n\n\n\n<p><\/p>\n\n\n\n<h3 class=\"wp-block-heading\">Umiestnenie osobn\u00fdch \u00fadajov<\/h3>\n\n\n\n<p>\u00dadaje s\u00fa ulo\u017een\u00e9 v chr\u00e1nenej datab\u00e1ze, ktor\u00fa spravuje poskytovate\u013e webhostingu, spolo\u010dnos\u0165 WEBHOUSE, s.r.o. \u00dadaje s\u00fa fyzicky umiestnen\u00e9 v r\u00e1mci Eur\u00f3pskej \u00fanie.<\/p>\n\n\n\n<h3 class=\"wp-block-heading\">Uchov\u00e1vanie osobn\u00fdch \u00fadajov<\/h3>\n\n\n\n<p>Va\u0161e osobn\u00e9 \u00fadaje uchov\u00e1vame najviac dovtedy, k\u00fdm je to potrebn\u00e9 na \u00fa\u010dely, na ktor\u00e9 sa osobn\u00e9 \u00fadaje sprac\u00favaj\u00fa. Doba uchov\u00e1vania vypl\u00fdva z pr\u00e1vnych predpisov, pr\u00edpadne dobu uchov\u00e1vania Va\u0161ich osobn\u00fdch \u00fadajov ur\u010d\u00edme v\u017edy vo vz\u0165ahu ku konkr\u00e9tnym \u00fa\u010delom prostredn\u00edctvom na\u0161ej internej politiky.<\/p>\n\n\n\n<h3 class=\"wp-block-heading\">V\u0161eobecn\u00e9 doby uchov\u00e1vania osobn\u00fdch \u00fadajov na nami vymedzen\u00e9 \u00fa\u010dely sprac\u00favania osobn\u00fdch \u00fadajov s\u00fa nasledovn\u00e9:<\/h3>\n\n\n\n<p>&#8211; v pr\u00edpade administr\u00e1cie klientov archivujeme va\u0161e \u00fadaje po dobu 10-tich rokov.<br>&#8211; v pr\u00edpade dan\u00ed a \u00fa\u010dtovn\u00edctva je doba uchov\u00e1vania po\u010das 10-tich rokov nasleduj\u00facich po \u00fa\u010dtovnom roku, ktor\u00e9ho sa \u00fa\u010dtovn\u00e9 doklady t\u00fdkaj\u00fa.<br>&#8211; v pr\u00edpade dodr\u017eiavania z\u00e1kona (pr\u00e1vna agenda) je doba uchov\u00e1vania a\u017e do preml\u010dania pr\u00e1vneho n\u00e1roku.<br>Uveden\u00e9 doby uchov\u00e1vania osobn\u00fdch \u00fadajov s\u00fa v\u0161eobecn\u00e9. Pokia\u013e va\u0161e osobn\u00e9 \u00fadaje pova\u017eujeme z poh\u013eadu uveden\u00fdch \u00fa\u010delov sprac\u00favania za nepotrebn\u00e9, prist\u00fapime k likvid\u00e1cii alebo anonymiz\u00e1cii osobn\u00fdch \u00fadajov e\u0161te pred uplynut\u00edm t\u00fdchto v\u0161eobecn\u00fdch d\u00f4b.<\/p>\n\n\n\n<h3 class=\"wp-block-heading\">Pr\u00e1vny z\u00e1klad pre spracov\u00e1vanie va\u0161ich \u00fadajov<\/h3>\n\n\n\n<p>Vo v\u00e4\u010d\u0161ine pr\u00edpadov spracov\u00e1vame va\u0161e osobn\u00e9 \u00fadaje na z\u00e1klade toho, \u017ee spracovanie je nevyhnutn\u00e9 na \u00fa\u010dely opr\u00e1vnen\u00e9ho z\u00e1ujmu, ktor\u00fd sledujeme, na z\u00e1konnom z\u00e1klade, na zmluvnom z\u00e1klade alebo na z\u00e1klade s\u00fahlasu v\u00e1s ako dotknutej osoby. V pr\u00edpade sprac\u00favania na z\u00e1klade s\u00fahlasu m\u00e1te v\u017edy mo\u017enos\u0165 svoj s\u00fahlas odvola\u0165.<br>Zodpovednos\u0165 za sprac\u00favanie osobn\u00fdch \u00fadajov<br>Za ochranu Va\u0161ich osobn\u00fdch \u00fadajov je zodpovedn\u00e1 spolo\u010dnos\u0165 LORANET, s.r.o., Majern\u00edkova 22, 84105, Bratislava, I\u010cO: 54092736, email: pipa.sk@bds24.sk, tel. \u010d\u00edslo: +421 904 93 77 43.<\/p>\n\n\n\n<h3 class=\"wp-block-heading\">Pr\u00e1va na pr\u00edstup dotknutej osoby k osobn\u00fdm \u00fadajom<\/h3>\n\n\n\n<p>M\u00e1te pr\u00e1vo vidie\u0165 osobn\u00e9 \u00fadaje, ktor\u00e9 v s\u00favislosti s vami uchov\u00e1vame. Toto pr\u00e1vo sa naz\u00fdva Po\u017eiadavka na pr\u00edstup dotknutej osoby k osobn\u00fdm \u00fadajom.<\/p>\n\n\n\n<p>Ak chcete dosta\u0165 k\u00f3piu osobn\u00fdch \u00fadajov, ktor\u00e9 v s\u00favislosti s vami uchov\u00e1vame, kontaktujte n\u00e1s na telef\u00f3nnom \u010d\u00edsle: +421 904 93 77 43.<\/p>\n\n\n\n<h2 class=\"wp-block-heading\">In\u00e9 pr\u00e1va s\u00favisiace s ochranou \u00fadajov<\/h2>\n\n\n\n<h3 class=\"wp-block-heading\">Pokia\u013e ide o va\u0161e osobn\u00e9 \u00fadaje, m\u00e1te tie\u017e pr\u00e1vo na:<\/h3>\n\n\n\n<p>\u2022 opravu nespr\u00e1vnych inform\u00e1ci\u00ed:<br>\u2013 pokia\u013e sa domnievate, \u017ee \u00fadaje, ktor\u00e9 v s\u00favislosti s vami uchov\u00e1vame, s\u00fa nepresn\u00e9 alebo ne\u00fapln\u00e9, kontaktujte n\u00e1s a my to naprav\u00edme.<\/p>\n\n\n\n<p>\u2022 vznesenie n\u00e1mietky vo\u010di n\u00e1\u0161mu vyu\u017e\u00edvaniu osobn\u00fdch \u00fadajov:<br>\u2013 v\u0161eobecn\u00fa n\u00e1mietku \u2013 n\u00e1sledne zv\u00e1\u017eime va\u0161u n\u00e1mietku vo\u010di n\u00e1\u0161mu vyu\u017e\u00edvaniu va\u0161ich osobn\u00fdch \u00fadajov. V pr\u00edpade vyrovnan\u00e9ho stavu maj\u00fa va\u0161e pr\u00e1va prevahu nad na\u0161imi z\u00e1ujmami, pri\u010dom n\u00e1sledne na z\u00e1klade va\u0161ej \u017eiadosti bu\u010f obmedz\u00edme rozsah n\u00e1\u0161ho vyu\u017e\u00edvania t\u00fdchto \u00fadajov alebo ich odstr\u00e1nime.\u2013 n\u00e1mietku s\u00favisiacu s priamym marketingom \u2013 ak vznesiete tak\u00fato n\u00e1mietku, prestaneme vyu\u017e\u00edva\u0165 va\u0161e osobn\u00e9 \u00fadaje na priame marketingov\u00e9 \u00fa\u010dely.<br>\u2013 n\u00e1mietku s\u00favisiacu s priamym marketingom \u2013 ak vznesiete tak\u00fato n\u00e1mietku, prestaneme vyu\u017e\u00edva\u0165 va\u0161e osobn\u00e9 \u00fadaje na priame marketingov\u00e9 \u00fa\u010dely.<\/p>\n\n\n\n<p>\u2022 obmedzenie rozsahu n\u00e1\u0161ho vyu\u017e\u00edvania osobn\u00fdch \u00fadajov:<br>Existuje viacero situ\u00e1ci\u00ed, v r\u00e1mci ktor\u00fdch n\u00e1m m\u00f4\u017eete obmedzi\u0165 rozsah n\u00e1\u0161ho vyu\u017e\u00edvania va\u0161ich osobn\u00fdch \u00fadajov, okrem in\u00e9ho ak:<br>\u2013 ste \u00faspe\u0161ne vzniesli v\u0161eobecn\u00fa n\u00e1mietku<br>\u2013 spochyb\u0148ujete presnos\u0165 osobn\u00fdch \u00fadajov, ktor\u00e9 uchov\u00e1vame<br>\u2013 sme vyu\u017eili va\u0161e osobn\u00e9 \u00fadaje protiz\u00e1konne, ale nechcete, aby sme ich odstr\u00e1nili<\/p>\n\n\n\n<p>\u2022 po\u017eiadanie o odstr\u00e1nenie osobn\u00fdch \u00fadajov:<br>Existuje viacero situ\u00e1ci\u00ed, v r\u00e1mci ktor\u00fdch n\u00e1s m\u00f4\u017eete po\u017eiada\u0165 o odstr\u00e1nenie va\u0161ich osobn\u00fdch \u00fadajov, okrem in\u00e9ho ak:<br>\u2013 u\u017e nemus\u00edme uchov\u00e1va\u0165 va\u0161e osobn\u00e9 \u00fadaje<br>\u2013 ste \u00faspe\u0161ne vzniesli v\u0161eobecn\u00fa n\u00e1mietku<br>\u2013 ste zru\u0161ili svoj s\u00fahlas s na\u0161\u00edm vyu\u017e\u00edvan\u00edm va\u0161ich osobn\u00fdch \u00fadajov (a my nem\u00e1me in\u00fd d\u00f4vod na ich vyu\u017e\u00edvanie)<br>\u2013 sme protiz\u00e1konne spracovali va\u0161e osobn\u00e9 \u00fadaje<\/p>\n\n\n\n<p>\u2022 po\u017eiadanie o prenosnos\u0165 \u00fadajov:<br>M\u00e1te pr\u00e1vo z\u00edska\u0165 svoje osobn\u00e9 \u00fadaje, ktor\u00e9 ste n\u00e1m dobrovo\u013ene poskytli v elektronickej forme na z\u00e1klade v\u00e1\u0161ho s\u00fahlasu, a to v \u0161trukt\u00farovanom, be\u017ene pou\u017e\u00edvanom a strojovo \u010ditate\u013enom form\u00e1te a v tejto s\u00favislosti m\u00f4\u017eete \u017eiada\u0165 pr\u00e1vo na prenos t\u00fdchto \u00fadajov k druh\u00e9mu prev\u00e1dzkovate\u013eovi, pokia\u013e bude tak\u00fdto prenos technicky mo\u017en\u00fd (pr\u00e1vo na prenosnos\u0165 \u00fadajov).<\/p>\n\n\n\n<p>\u2022 podanie s\u0165a\u017enosti kontroln\u00e9mu org\u00e1nu pre ochranu osobn\u00fdch \u00fadajov:<br>Pou\u017e\u00edvate\u013e pri podozren\u00ed, \u017ee jeho osobn\u00e9 \u00fadaje sa neopr\u00e1vnene sprac\u00favaj\u00fa, m\u00f4\u017ee poda\u0165 s\u0165a\u017enos\u0165 na dozorn\u00fd org\u00e1n, ktor\u00fdm je \u00darad na ochranu osobn\u00fdch \u00fadajov Slovenskej republiky so s\u00eddlom na adrese Hranic\u030cn\u00e1 12, 820 07 Bratislava 27. Ak pou\u017e\u00edvate\u013e nem\u00e1 sp\u00f4sobilos\u0165 na pr\u00e1vne \u00fakony v plnom rozsahu, jeho pr\u00e1va m\u00f4\u017ee uplatni\u0165 z\u00e1konn\u00fd z\u00e1stupca.<\/p>\n\n\n\n<p><\/p>\n","protected":false},"excerpt":{"rendered":"<p>Prev\u00e1dzkovate\u013e: Spolo\u010dnos\u0165 LORANET, s.r.o., Majern\u00edkova 22, 84105, Bratislava, I\u010cO: 54092736 je prev\u00e1dzkovate\u013eom v\u0161etk\u00fdch osobn\u00fdch \u00fadajov, ktor\u00e9 bude sprac\u00fava\u0165 v s\u00falade s pr\u00edslu\u0161n\u00fdmi pr\u00e1vnymi predpismi. Spolo\u010dnos\u0165 LORANET s.r.o., Majern\u00edkova 22, 84105, Bratislava, I\u010cO: 54092736 je prev\u00e1dzkovate\u013eom v\u0161etk\u00fdch osobn\u00fdch \u00fadajov, ktor\u00e9 bude sprac\u00fava\u0165 v s\u00falade s pr\u00edslu\u0161n\u00fdmi pr\u00e1vnymi predpismi.Spolo\u010dnos\u0165 LORANET, s.r.o. zhroma\u017e\u010fuje, spracov\u00e1va a pou\u017e\u00edva osobn\u00e9 \u00fadaje najm\u00e4 pri poskytovan\u00ed servisu v s\u00favislosti s objedn\u00e1vkami v\u00fd\u010dapov a n\u00e1pln\u00ed KEG sudov prostredn\u00edctvom webov\u00e9ho s\u00eddla http:\/\/pipa.sk. Nako\u013eko pri z\u00edskavan\u00ed, vyu\u017e\u00edvan\u00ed a ochrane osobn\u00fdch \u00fadajov chceme postupova\u0165 spr\u00e1vne, vypracovali sme nasledovn\u00e9 z\u00e1sady ochrany s\u00fakromia, ktor\u00e9: Z\u00e1sady sa v\u00e1s t\u00fdkaj\u00fa vtedy, ke\u010f vyu\u017e\u00edvate na\u0161e slu\u017eby, pri\u010dom vyu\u017e\u00edvanie na\u0161ich slu\u017eieb znamen\u00e1: Osobn\u00e9 \u00fadaje, ktor\u00e9 z\u00edskavame Osobn\u00e9 \u00fadaje \u2013 meno, priezvisko, adresa trval\u00e9ho bydliska, e-mailov\u00e1 adresa, telef\u00f3nne \u010d\u00edsloFaktura\u010dn\u00e9 \u00fadaje \u2013 n\u00e1zov firmy (alebo meno priezvisko), I\u010cO, DI\u010c, I\u010c DPH, s\u00eddlo firmy (alebo adresa trval\u00e9ho bydliska)Poskytnut\u00e9 slu\u017eby \u2013 objedn\u00e1vky v\u00fd\u010dapov a n\u00e1pln\u00ed KEG sudov, hist\u00f3ria objedn\u00e1vok, IP adresaVa\u0161e osobn\u00e9[&#8230;]<\/p>\n","protected":false},"author":1,"featured_media":0,"parent":0,"menu_order":0,"comment_status":"closed","ping_status":"closed","template":"","meta":{"footnotes":""},"class_list":["post-215","page","type-page","status-publish","hentry"],"_links":{"self":[{"href":"https:\/\/www.pipa.sk\/index.php?rest_route=\/wp\/v2\/pages\/215","targetHints":{"allow":["GET"]}}],"collection":[{"href":"https:\/\/www.pipa.sk\/index.php?rest_route=\/wp\/v2\/pages"}],"about":[{"href":"https:\/\/www.pipa.sk\/index.php?rest_route=\/wp\/v2\/types\/page"}],"author":[{"embeddable":true,"href":"https:\/\/www.pipa.sk\/index.php?rest_route=\/wp\/v2\/users\/1"}],"replies":[{"embeddable":true,"href":"https:\/\/www.pipa.sk\/index.php?rest_route=%2Fwp%2Fv2%2Fcomments&post=215"}],"version-history":[{"count":5,"href":"https:\/\/www.pipa.sk\/index.php?rest_route=\/wp\/v2\/pages\/215\/revisions"}],"predecessor-version":[{"id":250,"href":"https:\/\/www.pipa.sk\/index.php?rest_route=\/wp\/v2\/pages\/215\/revisions\/250"}],"wp:attachment":[{"href":"https:\/\/www.pipa.sk\/index.php?rest_route=%2Fwp%2Fv2%2Fmedia&parent=215"}],"curies":[{"name":"wp","href":"https:\/\/api.w.org\/{rel}","templated":true}]}}