{"id":39,"date":"2020-05-08T23:18:29","date_gmt":"2020-05-08T21:18:29","guid":{"rendered":"http:\/\/pipa.sk\/?page_id=39"},"modified":"2020-07-11T22:14:55","modified_gmt":"2020-07-11T20:14:55","slug":"narazace-na-keg-sudy","status":"publish","type":"page","link":"https:\/\/www.pipa.sk\/?page_id=39","title":{"rendered":"nar\u00e1\u017ea\u010de na KEG sudy"},"content":{"rendered":"\n<p>Nar\u00e1\u017ea\u010d je mechanizmus, ktor\u00fd prep\u00e1ja \u010dapovacie zariadenie s KEG sudom (umo\u017e\u0148uje narazenie suda). Existuje viacero druhov nar\u00e1\u017ea\u010dov. My zapo\u017ei\u010diavame tieto 3 tipy:<\/p>\n\n\n\n<p><img loading=\"lazy\" decoding=\"async\" width=\"70\" height=\"70\" src=\"http:\/\/pipa.sk\/wp-content\/uploads\/2020\/05\/plochy_narazac_small.gif\" alt=\"ploch\u00fd (FLASCH) nar\u00e1\u017ea\u010d\"><img loading=\"lazy\" decoding=\"async\" width=\"70\" height=\"70\" src=\"http:\/\/pipa.sk\/wp-content\/uploads\/2020\/05\/plochy_KEG_hlava_small.jpg\" alt=\"hlava KEG sudu pre ploch\u00fd (FLASCH) nar\u00e1\u017ea\u010d\"><strong>ploch\u00fd (FLASCH) nar\u00e1\u017ea\u010d<\/strong>\u00a0sa nasunie na sud. M\u00e1 kruhov\u00fd nar\u00e1\u017ea\u010d o ve\u013ekosti 2\u20acovej mince.<br>Naraz\u00edte n\u00edm tieto tipy sudov:\u00a0<strong>Staroprame\u0148, Topvar, Steiger, Gran\u00e1t, Kofola Stein, Bernard, Svijany, Urpiner, Kru\u0161ovice<\/strong>, Jan\u00e1\u010dek, Jukola, Popovice, \u010cesk\u00fd krumlov, D\u011b\u010d\u00edn, Hanu\u0161ovice, Litom\u011b\u0159ice, \u00dast\u00ed nad Labem, Vratislavice, Trutnov, Uhersk\u00fd brod, Ostrava, p\u0159erov, Opava, Pra\u017esk\u00e9 pivovary.<\/p>\n\n\n\n<p><img loading=\"lazy\" decoding=\"async\" width=\"70\" height=\"70\" src=\"http:\/\/pipa.sk\/wp-content\/uploads\/2020\/05\/kombi_narazac_small.gif\" alt=\"kombi (COMBI) nar\u00e1\u017ea\u010d\"><img loading=\"lazy\" decoding=\"async\" width=\"70\" height=\"70\" src=\"http:\/\/pipa.sk\/wp-content\/uploads\/2020\/05\/kombi_KEG_hlava_small.jpg\" alt=\"hlava KEG sudu pre kombi (COMBI) nar\u00e1\u017ea\u010d\"><strong>kombi (COMBI) nar\u00e1\u017ea\u010d<\/strong>\u00a0sa zas\u00fava a m\u00e1 prierazn\u00edk o ve\u013ekosti 2CENTovej mince.<br>Naraz\u00edte n\u00edm tieto tipy sudov:\u00a0<strong>Corgo\u0148, Zlat\u00fd Ba\u017eant, Stein, Kelt, \u0160ari\u0161, Original kofola<\/strong>, Ajakola, B\u0159eznice, Chodov\u00e1 Plan\u00e1, Jaro\u0161ov, Znojmo, \u010cern\u00e1 Hora, Jihlava, B\u0159eclav, Vy\u0161kov, Litovel, Vset\u00edn.<\/p>\n\n\n\n<p><img loading=\"lazy\" decoding=\"async\" width=\"70\" height=\"70\" src=\"http:\/\/pipa.sk\/wp-content\/uploads\/2020\/05\/bajonet_narazac_small.gif\" alt=\"bajonet (KORB) nar\u00e1\u017ea\u010d\"><img decoding=\"async\" src=\"http:\/\/pipa.sk\/wp-content\/uploads\/2020\/05\/bajonet_KEG_hlava_small.jpg\" alt=\"hlava KEG sudu pre bajonet (KORB) nar\u00e1\u017ea\u010d\" style=\"width: px;\"><strong>bajonet (KORB) nar\u00e1\u017ea\u010d<\/strong>&nbsp;sa nar\u00e1\u017ea za\u0161rubovan\u00edm polz\u00e1vitu.<br>Naraz\u00edte n\u00edm tieto tipy sudov:&nbsp;<strong>Budvar, Radegast, Plze\u0148sk\u00fd prazdroj, Kl\u00e1\u0161terec, Rebel, Gambrinus, Ve\u013ekopopovick\u00fd kozel<\/strong>, Hradi\u0161te, Olomouc, Samson, Protiv\u00edn, T\u0159ebo\u0148, Strakonice, Pelh\u0159imov, Hradec, Hlinsko, Havl\u00ed\u010dk\u00fav Brod, Broumov, Diru\u0161ka, Poli\u010dka, Nov\u00e1 Paka, Mal\u00fd Rohozec, Most, Louny, V\u00fdchodn\u00ed \u010cechy, Bene\u0161ov, Kutn\u00e1 Hora, Rakovn\u00edk, Nymburk Lobkowicz, Pardubice, N\u00e1chod, Lan\u0161kroun.<\/p>\n\n\n\n<p>Cena po\u017ei\u010dania nar\u00e1\u017ea\u010da je zahrnut\u00e1 v cene v\u00fd\u010dapn\u00e9ho zariadenia.<\/p>\n","protected":false},"excerpt":{"rendered":"<p>Nar\u00e1\u017ea\u010d je mechanizmus, ktor\u00fd prep\u00e1ja \u010dapovacie zariadenie s KEG sudom (umo\u017e\u0148uje narazenie suda). Existuje viacero druhov nar\u00e1\u017ea\u010dov. My zapo\u017ei\u010diavame tieto 3 tipy: ploch\u00fd (FLASCH) nar\u00e1\u017ea\u010d\u00a0sa nasunie na sud. M\u00e1 kruhov\u00fd nar\u00e1\u017ea\u010d o ve\u013ekosti 2\u20acovej mince.Naraz\u00edte n\u00edm tieto tipy sudov:\u00a0Staroprame\u0148, Topvar, Steiger, Gran\u00e1t, Kofola Stein, Bernard, Svijany, Urpiner, Kru\u0161ovice, Jan\u00e1\u010dek, Jukola, Popovice, \u010cesk\u00fd krumlov, D\u011b\u010d\u00edn, Hanu\u0161ovice, Litom\u011b\u0159ice, \u00dast\u00ed nad Labem, Vratislavice, Trutnov, Uhersk\u00fd brod, Ostrava, p\u0159erov, Opava, Pra\u017esk\u00e9 pivovary. kombi (COMBI) nar\u00e1\u017ea\u010d\u00a0sa zas\u00fava a m\u00e1 prierazn\u00edk o ve\u013ekosti 2CENTovej mince.Naraz\u00edte n\u00edm tieto tipy sudov:\u00a0Corgo\u0148, Zlat\u00fd Ba\u017eant, Stein, Kelt, \u0160ari\u0161, Original kofola, Ajakola, B\u0159eznice, Chodov\u00e1 Plan\u00e1, Jaro\u0161ov, Znojmo, \u010cern\u00e1 Hora, Jihlava, B\u0159eclav, Vy\u0161kov, Litovel, Vset\u00edn. bajonet (KORB) nar\u00e1\u017ea\u010d&nbsp;sa nar\u00e1\u017ea za\u0161rubovan\u00edm polz\u00e1vitu.Naraz\u00edte n\u00edm tieto tipy sudov:&nbsp;Budvar, Radegast, Plze\u0148sk\u00fd prazdroj, Kl\u00e1\u0161terec, Rebel, Gambrinus, Ve\u013ekopopovick\u00fd kozel, Hradi\u0161te, Olomouc, Samson, Protiv\u00edn, T\u0159ebo\u0148, Strakonice, Pelh\u0159imov, Hradec, Hlinsko, Havl\u00ed\u010dk\u00fav Brod, Broumov, Diru\u0161ka, Poli\u010dka, Nov\u00e1 Paka, Mal\u00fd Rohozec, Most, Louny, V\u00fdchodn\u00ed \u010cechy, Bene\u0161ov, Kutn\u00e1 Hora, Rakovn\u00edk, Nymburk Lobkowicz, Pardubice,[&#8230;]<\/p>\n","protected":false},"author":1,"featured_media":0,"parent":0,"menu_order":0,"comment_status":"closed","ping_status":"closed","template":"","meta":{"footnotes":""},"class_list":["post-39","page","type-page","status-publish","hentry"],"_links":{"self":[{"href":"https:\/\/www.pipa.sk\/index.php?rest_route=\/wp\/v2\/pages\/39","targetHints":{"allow":["GET"]}}],"collection":[{"href":"https:\/\/www.pipa.sk\/index.php?rest_route=\/wp\/v2\/pages"}],"about":[{"href":"https:\/\/www.pipa.sk\/index.php?rest_route=\/wp\/v2\/types\/page"}],"author":[{"embeddable":true,"href":"https:\/\/www.pipa.sk\/index.php?rest_route=\/wp\/v2\/users\/1"}],"replies":[{"embeddable":true,"href":"https:\/\/www.pipa.sk\/index.php?rest_route=%2Fwp%2Fv2%2Fcomments&post=39"}],"version-history":[{"count":6,"href":"https:\/\/www.pipa.sk\/index.php?rest_route=\/wp\/v2\/pages\/39\/revisions"}],"predecessor-version":[{"id":95,"href":"https:\/\/www.pipa.sk\/index.php?rest_route=\/wp\/v2\/pages\/39\/revisions\/95"}],"wp:attachment":[{"href":"https:\/\/www.pipa.sk\/index.php?rest_route=%2Fwp%2Fv2%2Fmedia&parent=39"}],"curies":[{"name":"wp","href":"https:\/\/api.w.org\/{rel}","templated":true}]}}